 = 0. What is the greatest common divisor of 72 and d?
18
Let c(h) = 67*h - 10. Let l be c(5). Let k be 1/(-4) - l/(-4). Suppose -1 - k = -3*w - 5*q, w - 24 = -q. What is the highest common factor of w and 19?
19
Suppose -45*n + 54*n - 27 = 0. Suppose -4*a = 3*k - 224, 0 = 2*a + 7*k - n*k - 112. What is the highest common divisor of a and 40?
8
Let y = 26092 + -13784. What is the greatest common factor of 181 and y?
181
Let m(c) = -c**3 + 95*c**2 - 73*c + 339. Let l be m(93). Calculate the highest common divisor of 96 and l.
96
Let v = -28879 + 28949. Calculate the greatest common factor of 5208 and v.
14
Let y(s) = -2242*s + 20482. Let o be y(9). Calculate the greatest common factor of 12692 and o.
76
Let v(t) = 7*t - 149. Let d(j) = -10*j + 149. Let c(q) = -4*d(q) - 5*v(q). Let b be c(-6). Let a = 16 + 1. What is the highest common divisor of a and b?
17
Suppose -i - 90 = -2*j - 3*j, -4*j - 3*i + 72 = 0. Suppose -3*x + 100 = 4*c, -3*c + 32 + j = -4*x. Calculate the highest common divisor of 44 and c.
22
Let c = -365 - -598. Let v = -197 + c. Calculate the greatest common factor of 8 and v.
4
Let g(y) = -3*y**2 + 19*y - 31. Let h be g(2). Let x be 14 + 2 + 0 + 15/h. Calculate the greatest common divisor of 871 and x.
13
Suppose -1511 = -7*x - 1457 + 17390. What is the greatest common divisor of 801 and x?
89
Suppose 0 = 6*f - 632 + 2234. Let i = 303 + f. What is the greatest common divisor of 180 and i?
36
Let q(g) = g**2 + 8*g + 7. Let v be q(-4). Let x = v + 11. Suppose -4*r + 19 = x*m - 13, 2*m = 2*r + 8. What is the greatest common divisor of m and 40?
8
Suppose 5 = -7*y - 2. Let z be (6 + y + 0)/((-2)/(-6)). Let t(a) = a**2 - 16*a + 28. Let m be t(z). Calculate the greatest common factor of 39 and m.
13
Let d be (-792)/10*10/3*(-4)/12. What is the greatest common factor of 2992 and d?
88
Let x be (10 - -48)*(1 - (-2)/4). Let q = 97 - x. Let t(r) = 9*r + 2. Let b be t(2). What is the greatest common divisor of b and q?
10
Let q(t) = -t**3 + 2*t**2 - 2*t + 13. Let m be q(3). Let d(f) = -2*f**3 - 4*f**2 - 4*f + 1. Let j be d(m). Calculate the highest common factor of 81 and j.
9
Let r = -405 + 106. Let w be r/(-9) + (-10)/45. Suppose w = -3*g + 57. Calculate the greatest common divisor of g and 20.
4
Suppose -9*k + 167 = -265. Suppose 11*j - 3*j - k = 0. Let m(d) = -d**3 + 6*d**2 + 2*d - 10. Let r be m(j). What is the highest common factor of 2 and r?
2
Let p = -960 + 1490. Calculate the highest common divisor of 30 and p.
10
Let m = 381 - 379. Suppose -4*l - l = 25, 0 = -r + m*l + 66. Calculate the highest common divisor of r and 28.
28
Suppose -4*i = 0, 3*i + 44 = f + 38 - 70. Let m(w) = 5*w**3 - w**2 + 1. Let t be m(1). Suppose t*k - 172 = 113. What is the highest common factor of f and k?
19
Let w be (6 + -864)*40/(-30). What is the greatest common divisor of 364 and w?
52
Let n(b) = 5*b**2 + 4*b + 3. Let c be n(-2). Suppose 9 = j + 2*g - 0, -3*g = 3*j - 36. Let p be j/c*(22 - 1). What is the greatest common factor of 189 and p?
21
Let b(n) = -13*n + 4*n**2 + 6*n**2 - 2 + 1 - 14*n. Let x be b(7). Suppose -5*r + 340 = 5*g, 0*g + 3*r + x = 5*g. What is the highest common factor of 21 and g?
21
Suppose 15*z - 6759 = -2189 + 1550. Calculate the greatest common factor of 272 and z.
136
Let o(w) be the first derivative of 2*w**3/3 - 27*w**2/2 - 203*w - 56. Let t be o(-6). Calculate the highest common divisor of t and 1.
1
Let y be 12/(-27)*252/24*18/(-7). What is the greatest common divisor of 244 and y?
4
Suppose 27*l = 28*l - 4*v - 188, 0 = -5*v - 15. Calculate the greatest common factor of l and 11.
11
Let o(w) = -w**2 + 52*w - 63. Let c be o(45). What is the highest common factor of 2898 and c?
126
Let o(j) = j**2 - 5*j - 6. Let q be o(7). Let d be (-22)/5 - (-60)/(-100). Let b be (d - -8)/((-3)/(-56)). What is the greatest common factor of q and b?
8
Suppose 0 = 4*k + 72*h - 70*h - 22886, 3*k + 5*h = 17154. Calculate the highest common factor of k and 118.
59
Let i = -756 - -794. Suppose -n - 24 + i = 0. Calculate the greatest common factor of 10 and n.
2
Let p(r) = -449*r - 5748. Let q be p(-13). Calculate the highest common divisor of 30527 and q.
89
Suppose 35*s - 2007 - 1003 = 0. Suppose 11*j + 18600 = s*j. What is the greatest common divisor of 93 and j?
31
Suppose 0 = -2*n - 2*n - 296. Let h = n - -79. Let u be -1 + 1 + 5 + h. Calculate the greatest common divisor of 6 and u.
2
Suppose 9*f - 6*f - 99 = 0. Let v = 31 - f. Let z be 41*1 - (3 - v)/5. Calculate the highest common divisor of z and 8.
8
Suppose 0 = -2*g, -25*z + 30*z - 5*g - 16950 = 0. Calculate the highest common factor of 30 and z.
30
Suppose 64 = 12*u - 212. Suppose -u*x + 303 + 249 = 0. Calculate the highest common factor of x and 2.
2
Let o(r) = 167*r**2 + 32*r + 59. Let f be o(-2). Calculate the highest common factor of f and 357.
51
Let y(t) = -103*t + 10. Let p be y(1). Let o be 15/(-5)*p/9. Calculate the greatest common divisor of o and 124.
31
Let j = 814 + -472. Let h = -30677 + 30696. What is the highest common factor of j and h?
19
Let k = -21152 + 21569. What is the highest common factor of k and 18209?
139
Let v(l) = 2*l + 3. Let j be v(-3). Let q = -1276 - -1235. Let m be q/(3 - 4) + j + -2. What is the greatest common divisor of 18 and m?
18
Let h(d) = d**2 - 10*d + 27. Let v be h(6). Suppose 4*q + v = 19. Suppose 0 = 7*p - q*p - 153. What is the highest common factor of 34 and p?
17
Let h = -43 + 43. Let v be h - (-1428 + -3 + -3 + 3). Suppose -171 + v = 10*u. Calculate the highest common divisor of 14 and u.
14
Let x be 99 + 14/(-15 - -13). Calculate the greatest common factor of 1012 and x.
92
Suppose 0 = -98*u + 1613 + 249. Calculate the greatest common factor of u and 12331.
19
Let x(k) = k**3 - 20*k**2 + 48*k - 86. Let o be x(36). Calculate the highest common factor of o and 134.
134
Suppose -p + 4807 + 1682 + 7713 = 0. What is the highest common factor of 6 and p?
6
Let q(d) = -2*d**2 - 14*d - 7. Let s be q(-6). Let h be 1 + (3 - 0)/(5/s). Let v be (20/25)/((-2)/(-20)). Calculate the highest common divisor of h and v.
4
Let y = -148 - -260. Calculate the greatest common factor of 364 and y.
28
Let z = -383 - -376. Let h be -1*28/z + 112. Calculate the highest common divisor of h and 29.
29
Suppose -972*q + 970*q + 1567 = 3*d, -3*q - 3*d = -2346. Calculate the highest common divisor of 164 and q.
41
Let r = -10 - -18. Suppose 24 = r*o - 64. Suppose 35*p - 36*p = -o. What is the highest common factor of p and 44?
11
Let k(c) = 54*c + 222. Let q be k(-4). Let z(a) = -a**3 + 14*a**2 - 43*a - 5. Let j be z(q). What is the greatest common factor of j and 400?
25
Let x = -2614 - -2631. Calculate the greatest common divisor of x and 3791.
17
Let t be 6*18/(1 + 8). Suppose 3*i - t = 0, -i - 109 = -n - 29. Suppose 5*j - 2*j = 4*a - 19, -j - 18 = -3*a. What is the greatest common factor of n and a?
7
Let d = 212 - 60. Suppose 10*m - 22*m + 456 = 0. What is the highest common factor of d and m?
38
Suppose 163 + 97 = 130*j. Calculate the highest common divisor of j and 8.
2
Suppose 102*j = -6031 + 16639. Suppose -3*d + 2*p + 26 = 0, 9 = d + 2*p + 3. What is the highest common factor of j and d?
8
Let r(h) = 5*h**2 + 48*h - 445. Let m be r(6). Calculate the greatest common divisor of 207 and m.
23
Suppose 54 = q - 18. Let c = 4285 - 4277. Calculate the highest common factor of c and q.
8
Let b be (-660)/(-14)*434/93. Let r be 50/6 + 14/21. Let u(t) = t**2 - 7*t + 2. Let a be u(r). What is the greatest common factor of a and b?
20
Let n be 18/((-1 + (-21)/6)*17/(-102)). Calculate the highest common factor of 1758 and n.
6
Suppose -4*u + 42 = -70. Let a be (190 + -200)*(4/(-10))/2. Calculate the greatest common factor of u and a.
2
Suppose 913 = 2*r - t, -3*r - 581*t = -577*t - 1397. What is the highest common divisor of 153 and r?
153
Suppose 2*m - 4*m = o - 341, 1019 = 3*o + 4*m. Let i = -181 + o. Calculate the highest common factor of i and 52.
52
Suppose -192*h = -3*g - 196*h + 35560, -35570 = -3*g + h. Calculate the greatest common factor of g and 1235.
247
Let a(j) = -16*j + 7. Let v be a(-1). Suppose 18 = 3*w + 5*x, 9*x = w + 5*x - v. Calculate the greatest common divisor of 187 and w.
11
Suppose -2*m + 38 = i, -5*m - 5*i - 11 = -101. Suppose -12*y - 